 base 3
2120112002200
What is -156b106 (base 12) in base 15?
-5b5db3
Convert -1000232011 (base 4) to base 12.
-1094b1
What is -64389 (base 10) in base 6?
-1214033
Convert 22000101212220 (base 3) to base 5.
2042300323
What is -823693 (base 11) in base 6?
-44202423
-166672 (base 9) to base 8
-311654
-222103213 (base 4) to base 8
-522347
1c495 (base 15) to base 10
92165
112100220011021 (base 3) to base 5
3423304212
What is 111001000212 (base 3) in base 14?
6974b
26bb4 (base 15) to base 5
12433034
What is -c11ab8 (base 13) in base 4?
-101013232303
Convert -12040212 (base 7) to base 10.
-1068552
-13583ac (base 13) to base 16
-5d1ad6
What is -dad73 (base 15) in base 16?
-a9a7c
What is d09d38 (base 15) in base 12?
3398238
Convert 4663 (base 10) to base 8.
11067
Convert 2137336 (base 8) to base 14.
10cc34
What is 1864836 (base 9) in base 12?
425950
Convert -6848 (base 12) to base 5.
-332301
Convert -1b7c8b4 (base 14) to base 11.
-7840a52
What is 661365 (base 9) in base 14?
a3ba3
What is -10644330 (base 7) in base 12?
-391489
Convert 536003 (base 13) to base 2.
111011101011000000101
Convert 2000010101 (base 3) to base 11.
27710
Convert 2847674 (base 9) to base 5.
400122144
What is 12001120221 (base 3) in base 7?
563206
What is a9153 (base 12) in base 15?
46199
Convert -1167166 (base 9) to base 12.
-267650
e9c6 (base 16) to base 9
101075
-10100010000011010 (base 2) to base 8
-242032
What is 746822 (base 11) in base 15?
18909e
10011011100001011 (base 2) to base 12
3a0b7
23420 (base 12) to base 4
23202120
Convert -183639 (base 14) to base 12.
-352697
What is 4b0ee5 (base 15) in base 12?
1256038
What is 54b67 (base 12) in base 7?
645163
What is -123235005 (base 6) in base 8?
-11117355
-1654565 (base 7) to base 4
-320223200
What is 30330320000 (base 4) in base 12?
11788a8
-4efc2 (base 16) to base 11
-201081
-100012110110212 (base 3) to base 16
-4a9f6f
Convert -51947 (base 14) to base 6.
-4114231
What is -112021002220210 (base 3) in base 7?
-121300236
What is 331202213 (base 4) in base 2?
111101100010100111
What is 131031223022 (base 4) in base 15?
a1415b
What is -22200120011020 (base 3) in base 13?
-c5859c
What is -232a (base 11) in base 16?
-bf1
What is 53443e (base 15) in base 12?
13b1635
Convert -10112100200022 (base 3) to base 2.
-111001010001111001100
What is -a9c19 (base 16) in base 12?
-296475
Convert -12211200020022 (base 3) to base 4.
-23311230203
What is -324525015 (base 6) in base 15?
-7a1bc2
What is -718a6 (base 12) in base 5?
-14220113
What is -6564140 (base 10) in base 5?
-3140023030
b9763d (base 14) to base 2
10111111101110000000111
Convert -89129 (base 11) to base 2.
-11111100011101011
What is 3034213 (base 5) in base 16?
c09c
6b925 (base 16) to base 6
13235513
What is 33020003232 (base 4) in base 3?
21110110012000
110b47d (base 14) to base 13
18a719b
What is 102001101210 (base 3) in base 4?
311012331
Convert -fbe5 (base 16) to base 4.
-33233211
190189 (base 11) to base 9
485867
Convert -3075066 (base 10) to base 5.
-1241400231
Convert -4a69 (base 14) to base 4.
-3023211
Convert -3131121 (base 4) to base 10.
-14169
Convert -30020031 (base 5) to base 14.
-61c37
Convert 22ee45 (base 15) to base 10.
1670465
What is 33034215 (base 8) in base 12?
2460465
What is -514015 (base 7) in base 9?
-143417
What is 122210202002 (base 3) in base 12?
14a992
334810 (base 9) to base 14
53067
What is 759b30 (base 14) in base 3?
21111101200000
What is 6ceab (base 15) in base 7?
2645204
What is -33056 (base 14) in base 16?
-1e2a4
Convert -3540231 (base 6) to base 9.
-310511
What is -3f557c (base 16) in base 8?
-17652574
What is 374b66 (base 15) in base 3?
11222120011020
131201321 (base 4) to base 13
43091
-24252264 (base 8) to base 16
-5154b4
-11806 (base 16) to base 2
-10001100000000110
Convert 19307bb (base 12) to base 11.
2a92639
Convert -ec55 (base 16) to base 8.
-166125
-1011001100010010110010 (base 2) to base 5
-1222341223
What is 22134524 (base 8) in base 7?
55340102
What is 271116 (base 10) in base 16?
4230c
-100001101111101101110 (base 2) to base 9
-2064747
Convert -12b5b1 (base 15) to base 8.
-3333741
Convert -6556573 (base 10) to base 2.
-11001000000101110011101
What is -14350153 (base 6) in base 2?
-1111001001100110101
Convert -132131323 (base 4) to base 13.
-44a58
212201002211 (base 3) to base 8
1617314
-554073 (base 8) to base 3
-100110201201
Convert 32449 (base 16) to base 7.
1515166
-50652 (base 8) to base 6
-240442
What is 97a04 (base 12) in base 5?
22401124
What is 2113101301 (base 4) in base 8?
2272161
What is -6e516 (base 16) in base 5?
-103424422
Convert 1030051 (base 7) to base 15.
2700d
What is 11010011101001010 (base 2) in base 11?
74461
-1223655 (base 7) to base 16
-266f4
-3465615 (base 7) to base 15
-8956c
Convert 44122040 (base 5) to base 12.
163851
Convert 221752 (base 8) to base 3.
10210111210
Convert 845453 (base 11) to base 13.
3854ab
-172226 (base 9) to base 6
-2141340
-1aade (base 16) to base 2
-11010101011011110
Convert -5876613 (base 9) to base 2.
-1100001000011101101100
4183 (base 12) to base 7
26601
What is -1790067 (base 10) in base 4?
-12311001303
What is -716534 (base 9) in base 7?
-3416143
-216d5 (base 14) to base 11
-558a1
-645746 (base 8) to base 11
-138349
What is 1124f (base 16) in base 12?
3477b
Convert 902a4 (base 12) to base 3.
100111120021
Convert -4a17876 (base 11) to base 15.
-b7435d
Convert -185690 (base 10) to base 12.
-8b562
What is -200b44 (base 13) in base 11?
-46939a
Convert 32242004 (base 6) to base 9.
1714034
Convert -202100200102120 (base 3) to base 7.
-160651305
717b6e (base 15) to base 12
1980772
1011100002 (base 3) to base 2
101100100111100
Convert -16404375 (base 9) to base 16.
-7d4a5e
-201003311011 (base 4) to base 3
-121022022010011
52564 (base 13) to base 2
100100001010011110
-34181 (base 11) to base 3
-2111211202
Convert 301013221 (base 4) to base 9.
335877
Convert -1b864 (base 16) to base 7.
-646455
202550042 (base 7) to base 16
b4fbea
What is 2232301402 (base 5) in base 6?
254211331
-a8ab52 (base 12) to base 5
-1141020014
What is -c362b (base 14) in base 5?
-110023224
Convert 110101010011001 (base 2) to base 15.
8144
1000100212100220 (base 3) to base 8
67364360
14db9 (base 16) to base 9
140165
What is 1122210312 (base 4) in base 9?
624820
What is 68416b (base 14) in base 3?
20200010120021
Convert 1223111100 (base 5) to base 16.
2ce1d8
100210421 (base 5) to base 11
251805
What is 4631659 (base 10) in base 9?
8638387
What is 24aa011 (base 13) in base 7?
166202245
What is -18079 (base 15) in base 4?
-102332223
Convert -244504 (base 13) to base 11.
-541a98
Convert 101654253 (base 7) to base 2.
10110111000000100000101
157557 (base 11) to base 9
412027
Convert -13468 (base 13) to base 2.
-1000110001001010
Convert 7ba60 (base 12) to base 6.
3315000
What is -21e1 (base 16) in base 10?
-8673
10103210201 (base 4) to base 14
2154c1
What is 1530123 (base 10) in base 12?
6195a3
Convert 43a59 (base 12) to base 10.
89637
Convert 1256601 (base 8) to base 2.
1010101110110000001
-2200010111 (base 3) to base 15
-108a7
Convert -1405420 (base 6) to base 4.
-103102110
What is 23132441 (base 5) in base 13?
73b92
-48a228 (base 11) to base 15
-10490e
Convert -211103 (base 7) to base 14.
-d3aa
What is -301515245 (base 6) in base 4?
-103203223031
What is 265196 (base 11) in base 12?
181279
Convert 2210202200101 (base 3) to base 11.
929489
23981 (base 13) to base 6
1222255
-2a906 (base 13) to base 7
-454020
-4229d (base 16) to base 5
-32133010
What is 2211220120122 (base 3) in base 16?
171962
6425555 (base 7) to base 6
24414432
20200000010110 (base 3) to base 5
1401334113
What is -438800 (base 12) in base 14?
-1dcc00
What is 142422241 (base 5) in base 13?
20288a
-142111 (base 6) to base 15
-3eaa
-111232023 (base 4) to base 11
-60933
-31233311220 (base 4) to base 2
-1101101111110101101000
What is 5ca4a (base 16) in base 11?
23a10a
Convert 1d444 (base 15) to base 13.
345b5
Convert 144510 (base 7) to base 14.
a307
What is -25335023 (base 7) in base 6?
-121103315
Convert 1055cc6 (base 14) to base 13.
17ac022
Convert 7787 (base 13) to base 8.
40441
What is -26240 (base 14) in base 8?
-267060
Convert -3b484 (base 12) to base 14.
-21bb6
What is -7847 (base 12) in base 3?
-200020201
6467107 (base 8) to base 10
1732167
Conver